{"id":474,"date":"2024-07-07T13:41:56","date_gmt":"2024-07-07T11:41:56","guid":{"rendered":"https:\/\/vero-treuhand.ch\/?page_id=474"},"modified":"2024-07-07T13:41:56","modified_gmt":"2024-07-07T11:41:56","slug":"fiscalite","status":"publish","type":"page","link":"https:\/\/vero-treuhand.ch\/index.php\/fiscalite\/","title":{"rendered":"Fiscalit\u00e9"},"content":{"rendered":"\n<p class=\"has-large-font-size\"><strong>Confiez-Moi Vos D\u00e9clarations d&rsquo;Imp\u00f4ts : Sans Stress et Sans Souci !<\/strong><\/p>\n\n\n\n<p>La p\u00e9riode des d\u00e9clarations d&rsquo;imp\u00f4ts peut \u00eatre une source de stress et de confusion pour beaucoup d&rsquo;entrepreneurs et de particuliers. Mais ne vous inqui\u00e9tez plus ! En tant que prestataire ind\u00e9pendante de services comptables, je suis ici pour m&rsquo;occuper de toutes vos obligations fiscales de mani\u00e8re professionnelle et sans stress.<\/p>\n\n\n\n<p><strong>Pourquoi Confier Vos D\u00e9clarations d&rsquo;Imp\u00f4ts \u00e0 un Expert ?<\/strong><\/p>\n\n\n\n<ul class=\"wp-block-list\">\n<li><strong>Expertise et Pr\u00e9cision<\/strong>\n<ul class=\"wp-block-list\">\n<li>Gr\u00e2ce \u00e0 mon expertise en fiscalit\u00e9, je m&rsquo;assure que vos d\u00e9clarations d&rsquo;imp\u00f4ts sont pr\u00e9par\u00e9es avec pr\u00e9cision et en conformit\u00e9 avec les r\u00e9glementations en vigueur.<\/li>\n<\/ul>\n<\/li>\n\n\n\n<li><strong>Gain de Temps<\/strong>\n<ul class=\"wp-block-list\">\n<li>En me confiant vos d\u00e9clarations d&rsquo;imp\u00f4ts, vous \u00e9conomisez un temps pr\u00e9cieux que vous pouvez consacrer \u00e0 d\u00e9velopper votre entreprise ou \u00e0 profiter de votre temps libre.<\/li>\n<\/ul>\n<\/li>\n\n\n\n<li><strong>R\u00e9duction du Stress<\/strong>\n<ul class=\"wp-block-list\">\n<li>Je prends en charge toutes les d\u00e9marches fiscales, vous \u00e9vitant ainsi le stress et l&rsquo;anxi\u00e9t\u00e9 li\u00e9s \u00e0 la pr\u00e9paration et \u00e0 la soumission de vos d\u00e9clarations.<\/li>\n<\/ul>\n<\/li>\n<\/ul>\n","protected":false},"excerpt":{"rendered":"<p>Confiez-Moi Vos D\u00e9clarations d&rsquo;Imp\u00f4ts : Sans Stress et Sans Souci ! La p\u00e9riode des d\u00e9clarations d&rsquo;imp\u00f4ts peut \u00eatre une source de stress et de confusion pour beaucoup d&rsquo;entrepreneurs et de particuliers. Mais ne vous inqui\u00e9tez plus ! En tant que prestataire ind\u00e9pendante de services comptables, je suis ici pour m&rsquo;occuper de toutes vos obligations fiscales [&hellip;]<\/p>\n","protected":false},"author":1,"featured_media":0,"parent":0,"menu_order":0,"comment_status":"closed","ping_status":"closed","template":"","meta":{"footnotes":""},"class_list":["post-474","page","type-page","status-publish","hentry"],"_links":{"self":[{"href":"https:\/\/vero-treuhand.ch\/index.php\/wp-json\/wp\/v2\/pages\/474","targetHints":{"allow":["GET"]}}],"collection":[{"href":"https:\/\/vero-treuhand.ch\/index.php\/wp-json\/wp\/v2\/pages"}],"about":[{"href":"https:\/\/vero-treuhand.ch\/index.php\/wp-json\/wp\/v2\/types\/page"}],"author":[{"embeddable":true,"href":"https:\/\/vero-treuhand.ch\/index.php\/wp-json\/wp\/v2\/users\/1"}],"replies":[{"embeddable":true,"href":"https:\/\/vero-treuhand.ch\/index.php\/wp-json\/wp\/v2\/comments?post=474"}],"version-history":[{"count":1,"href":"https:\/\/vero-treuhand.ch\/index.php\/wp-json\/wp\/v2\/pages\/474\/revisions"}],"predecessor-version":[{"id":475,"href":"https:\/\/vero-treuhand.ch\/index.php\/wp-json\/wp\/v2\/pages\/474\/revisions\/475"}],"wp:attachment":[{"href":"https:\/\/vero-treuhand.ch\/index.php\/wp-json\/wp\/v2\/media?parent=474"}],"curies":[{"name":"wp","href":"https:\/\/api.w.org\/{rel}","templated":true}]}}