{"id":112,"date":"2024-06-26T10:22:50","date_gmt":"2024-06-26T08:22:50","guid":{"rendered":"https:\/\/vero-treuhand.ch\/?page_id=112"},"modified":"2024-06-30T20:34:19","modified_gmt":"2024-06-30T18:34:19","slug":"services","status":"publish","type":"page","link":"https:\/\/vero-treuhand.ch\/index.php\/services\/","title":{"rendered":"Services"},"content":{"rendered":"\n<div class=\"wp-block-group alignfull has-global-padding is-layout-constrained wp-container-core-group-is-layout-4383d167 wp-block-group-is-layout-constrained\">\n<div class=\"wp-block-group alignwide has-global-padding is-layout-constrained wp-container-core-group-is-layout-5ff8a92b wp-block-group-is-layout-constrained\" style=\"margin-top:0;margin-bottom:0;padding-top:100px;padding-bottom:100px\">\n<div class=\"wp-block-columns is-layout-flex wp-container-core-columns-is-layout-92515837 wp-block-columns-is-layout-flex\">\n<div class=\"wp-block-column is-layout-flow wp-block-column-is-layout-flow\">\n<figure class=\"wp-block-image alignleft size-full is-resized\"><img loading=\"lazy\" decoding=\"async\" width=\"2000\" height=\"2000\" src=\"https:\/\/vero-treuhand.ch\/wp-content\/uploads\/2024\/06\/7208347.jpg\" alt=\"\" class=\"wp-image-310\" style=\"width:486px;height:auto\" srcset=\"https:\/\/vero-treuhand.ch\/wp-content\/uploads\/2024\/06\/7208347.jpg 2000w, https:\/\/vero-treuhand.ch\/wp-content\/uploads\/2024\/06\/7208347-300x300.jpg 300w, https:\/\/vero-treuhand.ch\/wp-content\/uploads\/2024\/06\/7208347-1024x1024.jpg 1024w, https:\/\/vero-treuhand.ch\/wp-content\/uploads\/2024\/06\/7208347-150x150.jpg 150w, https:\/\/vero-treuhand.ch\/wp-content\/uploads\/2024\/06\/7208347-768x768.jpg 768w, https:\/\/vero-treuhand.ch\/wp-content\/uploads\/2024\/06\/7208347-1536x1536.jpg 1536w\" sizes=\"auto, (max-width: 2000px) 100vw, 2000px\" \/><\/figure>\n<\/div>\n\n\n\n<div class=\"wp-block-column is-vertically-aligned-center has-global-padding is-content-justification-left is-layout-constrained wp-container-core-column-is-layout-12dd3699 wp-block-column-is-layout-constrained\">\n<p class=\"has-large-font-size\"><strong>Mes services incluent :<\/strong><\/p>\n\n\n\n<ul class=\"wp-block-list\">\n<li><strong>Tenue de comptabilit\u00e9<\/strong> : Gestion de vos comptes, suivi des transactions et organisation de vos documents financiers.<\/li>\n\n\n\n<li><strong>\u00c9critures comptables<\/strong> : Enregistrement pr\u00e9cis et conforme de toutes vos transactions financi\u00e8res.<\/li>\n\n\n\n<li><strong>D\u00e9clarations fiscales<\/strong> : Pr\u00e9paration et soumission de vos d\u00e9clarations fiscales dans les d\u00e9lais impartis.<\/li>\n\n\n\n<li><strong>D\u00e9claration de TVA<\/strong> : Gestion de vos d\u00e9clarations de TVA pour assurer la conformit\u00e9 et \u00e9viter les p\u00e9nalit\u00e9s.<\/li>\n\n\n\n<li><strong>Gestion de la paie<\/strong> : Calcul des salaires, \u00e9tablissement des fiches de paie, gestion des d\u00e9clarations sociales et des cotisations.<\/li>\n\n\n\n<li><strong>Bilan comptable<\/strong> : \u00c9laboration de vos bilans annuels pour une vue claire et compl\u00e8te de votre situation financi\u00e8re.<\/li>\n\n\n\n<li><strong>Conseil financier<\/strong> : Strat\u00e9gies pour optimiser vos finances, r\u00e9duire vos co\u00fbts et maximiser vos profits.<\/li>\n<\/ul>\n<\/div>\n<\/div>\n<\/div>\n<\/div>\n\n\n\n<section class=\"wp-block-cover alignwide has-small-font-size\" style=\"margin-top:0px;padding-top:1.01rem;padding-bottom:0rem;min-height:253px;aspect-ratio:unset;\"><span aria-hidden=\"true\" class=\"wp-block-cover__background has-background-dim-0 has-background-dim\" style=\"background-color:#edf1f2\"><\/span><img loading=\"lazy\" decoding=\"async\" width=\"1682\" height=\"360\" class=\"wp-block-cover__image-background wp-image-320\" alt=\"\" src=\"https:\/\/vero-treuhand.ch\/wp-content\/uploads\/2024\/06\/Fichier-2-2.png\" style=\"object-position:53% 64%\" data-object-fit=\"cover\" data-object-position=\"53% 64%\" srcset=\"https:\/\/vero-treuhand.ch\/wp-content\/uploads\/2024\/06\/Fichier-2-2.png 1682w, https:\/\/vero-treuhand.ch\/wp-content\/uploads\/2024\/06\/Fichier-2-2-300x64.png 300w, https:\/\/vero-treuhand.ch\/wp-content\/uploads\/2024\/06\/Fichier-2-2-1024x219.png 1024w, https:\/\/vero-treuhand.ch\/wp-content\/uploads\/2024\/06\/Fichier-2-2-768x164.png 768w, https:\/\/vero-treuhand.ch\/wp-content\/uploads\/2024\/06\/Fichier-2-2-1536x329.png 1536w\" sizes=\"auto, (max-width: 1682px) 100vw, 1682px\" \/><div class=\"wp-block-cover__inner-container has-global-padding is-layout-constrained wp-container-core-cover-is-layout-e1d5419a wp-block-cover-is-layout-constrained\">\n<p><\/p>\n<\/div><\/section>\n","protected":false},"excerpt":{"rendered":"<p>Mes services incluent :<\/p>\n","protected":false},"author":1,"featured_media":0,"parent":0,"menu_order":0,"comment_status":"closed","ping_status":"closed","template":"","meta":{"footnotes":""},"class_list":["post-112","page","type-page","status-publish","hentry"],"_links":{"self":[{"href":"https:\/\/vero-treuhand.ch\/index.php\/wp-json\/wp\/v2\/pages\/112","targetHints":{"allow":["GET"]}}],"collection":[{"href":"https:\/\/vero-treuhand.ch\/index.php\/wp-json\/wp\/v2\/pages"}],"about":[{"href":"https:\/\/vero-treuhand.ch\/index.php\/wp-json\/wp\/v2\/types\/page"}],"author":[{"embeddable":true,"href":"https:\/\/vero-treuhand.ch\/index.php\/wp-json\/wp\/v2\/users\/1"}],"replies":[{"embeddable":true,"href":"https:\/\/vero-treuhand.ch\/index.php\/wp-json\/wp\/v2\/comments?post=112"}],"version-history":[{"count":23,"href":"https:\/\/vero-treuhand.ch\/index.php\/wp-json\/wp\/v2\/pages\/112\/revisions"}],"predecessor-version":[{"id":322,"href":"https:\/\/vero-treuhand.ch\/index.php\/wp-json\/wp\/v2\/pages\/112\/revisions\/322"}],"wp:attachment":[{"href":"https:\/\/vero-treuhand.ch\/index.php\/wp-json\/wp\/v2\/media?parent=112"}],"curies":[{"name":"wp","href":"https:\/\/api.w.org\/{rel}","templated":true}]}}